 Determine j(-52).
8
Let t(z) = 179303*z + 1613603. What is t(-9)?
-124
Let t(k) = 7*k**2 + 46*k - 436. What is t(-13)?
149
Let k(m) = -3*m**2 - 286*m - 2668. Determine k(-85).
-33
Let z(s) = s**2 + 8237*s + 870054. Give z(-107).
144
Let a(k) = -k**3 - 269*k**2 + 997*k - 901. Determine a(2).
9
Let k(a) = -a**3 - 44*a**2 - 263*a - 109. Give k(-37).
39
Let l(r) = -106*r**2 - 2159*r - 2892. What is l(-19)?
-137
Let m(f) = -3*f**2 + 205*f - 635. Give m(3).
-47
Let q(o) = -350*o**2 + 1056*o - 98. Calculate q(3).
-80
Let q(l) = -21*l**2 - 31*l + 444. What is q(9)?
-1536
Let w(t) = -36*t**2 + 840*t + 458. Give w(22).
1514
Let j(k) = -651*k**3 - 50127*k**2 + 13*k + 1034. Give j(-77).
33
Let s(w) = -135*w**2 - 1998*w + 395. Give s(-15).
-10
Let y(k) = k**3 + 8*k**2 - 55*k - 191. Calculate y(-5).
159
Let r(z) = -3898*z + 362575. Calculate r(93).
61
Let z(f) = -f**3 + 63*f**2 - 526*f - 344. Give z(53).
-132
Let z(g) = 806*g - 111925. Give z(138).
-697
Let i(w) = 2*w**3 - 132*w**2 - 29068*w + 316. Calculate i(-92).
-52
Let r(s) = -2108*s + 28212. Calculate r(13).
808
Let m(h) = 6817*h + 108947. Determine m(-16).
-125
Let n(x) = -5286*x - 280151. Calculate n(-53).
7
Let f(p) = p**3 - 60*p**2 - 2441*p - 2049. Determine f(88).
-25
Let g(a) = -a**2 + 653*a + 20303. Calculate g(-30).
-187
Let i(n) = 30*n**3 - 839*n**2 + 17*n - 188. Give i(28).
1072
Let f(o) = 83*o - 8122. Give f(109).
925
Let i(c) = 7*c**2 - c - 174. Give i(6).
72
Let y(j) = -8657*j - 242406. Calculate y(-28).
-10
Let j(v) = -1248*v - 5989. Determine j(-5).
251
Let b(x) = x**3 + 115*x**2 - 268*x - 4012. Determine b(-117).
-34
Let u(x) = 30073*x - 1022455. What is u(34)?
27
Let c(o) = 4*o**2 + 689*o - 7620. Calculate c(-183).
249
Let q(h) = -h**3 + 2*h**2 - 313*h - 1214. Calculate q(0).
-1214
Let y(r) = -1231*r + 50038. Calculate y(41).
-433
Let f(y) = -y**3 - 1355*y**2 + 125459*y - 438. Determine f(87).
-3
Let j(c) = -585*c + 28071. What is j(48)?
-9
Let j(r) = -1327*r**2 + 38470*r + 382. What is j(29)?
5
Let b(h) = -3*h**2 + 87*h + 3095. What is b(-22)?
-271
Let u(t) = -t**3 - 6*t**2 - 34*t - 85. Give u(-4).
19
Let f(n) = -2*n**2 - 133028*n - 1064133. What is f(-8)?
-37
Let h(a) = 2583*a - 12931. What is h(5)?
-16
Let q(j) = 1896*j - 13278. Give q(7).
-6
Let b(l) = -4*l**2 - 330584*l + 1322399. Determine b(4).
-1
Let z(r) = -105*r**2 - 855*r - 1346. Calculate z(-6).
4
Let b(u) = -3*u**2 - 150232*u - 1502011. Give b(-10).
9
Let w(t) = -1671*t + 87763. Calculate w(52).
871
Let u(z) = 2*z**2 + 1405*z - 30398. Calculate u(21).
-11
Let r(h) = -2838*h + 11350. Calculate r(4).
-2
Let l(t) = -6*t**3 - 208*t**2 + 2150*t + 2. Calculate l(-43).
2
Let a(k) = -k**2 + 7377*k - 44184. Calculate a(6).
42
Let y(t) = -410277*t - 2871936. Determine y(-7).
3
Let i(q) = -5704*q - 2042049. Give i(-358).
-17
Let g(a) = -a**2 - 186*a - 7075. What is g(-79)?
1378
Let f(g) = -g**3 + 12*g**2 + 3003*g - 6050. Determine f(2).
-4
Let o(a) = 726*a**2 + 217072*a - 595. What is o(-299)?
3
Let r(t) = t**2 + 68*t + 479. Calculate r(-58).
-101
Let g(h) = 22*h + 1566. What is g(-68)?
70
Let i(g) = -10*g**2 - 7871*g - 212551. Calculate i(-28).
-3
Let k(b) = 4*b**3 + 147*b**2 + 44*b - 497. Give k(-36).
1807
Let t(h) = -48894*h - 880087. What is t(-18)?
5
Let d(k) = 871736*k - 4358683. Give d(5).
-3
Let i(u) = u**3 - 30*u**2 - 841*u + 25112. Calculate i(31).
2
Let q(g) = 10900*g + 119463. Calculate q(-11).
-437
Let f(p) = 5*p**3 - 12*p**2 + 57*p - 11. Calculate f(3).
187
Let v(f) = 27*f**2 + 3*f - 96. Calculate v(2).
18
Let f(y) = 10722*y + 203697. Determine f(-19).
-21
Let n(o) = o**2 + 23897*o - 622068. Determine n(26).
-70
Let w(q) = 2*q**3 + 612*q**2 - 43*q - 13840. Give w(-306).
-682
Let p(d) = -385*d + 87661. Give p(231).
-1274
Let c(q) = -94*q**3 + 461*q**2 + 52*q - 25. Give c(5).
10
Let w(j) = -j**3 + 11*j**2 + 1130*j - 19529. What is w(22)?
7
Let b(n) = -1254*n - 9119. What is b(-8)?
913
Let n(f) = -f**3 + 80*f**2 - 143*f - 29. Give n(2).
-3
Let v(r) = 367786*r - 1838982. Determine v(5).
-52
Let v(c) = 2*c**3 + 2146*c**2 + 368941*c + 238. Give v(-215).
23
Let w(p) = -49483*p - 16675735. Give w(-337).
36
Let y(j) = 768*j - 61429. What is y(80)?
11
Let v(p) = -929*p**2 + 5640*p - 341. What is v(6)?
55
Let v(r) = -243*r + 5517. Give v(25).
-558
Let v(m) = 613*m**2 + 100530*m - 319. Determine v(-164).
9
Let a(g) = 52*g**2 - 483*g + 290. Calculate a(9).
155
Let o(z) = -61*z**2 - 19578*z - 18558. Calculate o(-320).
2
Let u(h) = h**3 + 99*h**2 - 127*h + 7617. Calculate u(-101).
42
Let h(o) = -o**3 - 121*o**2 + 508*o + 32291. Determine h(-123).
65
Let n(o) = -1468*o + 11882. Calculate n(8).
138
Let p(x) = 8095276*x - 40476386. Calculate p(5).
-6
Let f(g) = -231*g**2 - 347*g + 1725. Determine f(5).
-5785
Let d(q) = 745*q**2 - 52147*q - 237. Calculate d(70).
-27
Let a(m) = -4385*m + 784924. Calculate a(179).
9
Let f(r) = -239*r + 6322. Determine f(21).
1303
Let d(u) = -164*u**2 + 4427*u + 150. Give d(27).
123
Let d(l) = -64*l**2 - 32*l + 488. Calculate d(-3).
8
Let b(k) = -1560*k - 48091. Determine b(-31).
269
Let b(q) = 3882*q - 88639. Give b(23).
647
Let j(o) = -o**3 + 15*o**2 + 12439*o - 149567. Give j(12).
133
Let f(v) = -10304*v - 865540. Determine f(-84).
-4
Let q(a) = -29*a**2 + 1158*a + 2320. What is q(-2)?
-112
Let b(o) = 8*o**2 - 3078*o + 35785. What is b(12)?
1
Let q(s) = -8*s**3 - 140*s**2 - 72*s - 70. Calculate q(-17).
-2
Let w(l) = 14732*l**2 + 265171*l - 96. Determine w(-18).
-6
Let f(z) = 2*z**3 - 13*z**2 - 85*z - 155. Determine f(-3).
-71
Let f(o) = 40514*o - 2. Calculate f(0).
-2
Let g(z) = -101096*z + 1718608. Calculate g(17).
-24
Let b(u) = -173*u - 4238. What is b(-23)?
-259
Let z(s) = 5*s**2 + 822*s + 25101. Calculate z(-46).
-2131
Let r(w) = 164*w + 23665. Calculate r(-144).
49
Let q(p) = -p**3 + 7*p**2 - 8*p - 45. Calculate q(5).
-35
Let v(b) = 50760*b + 456484. Determine v(-9).
-356
Let r(h) = -h**3 - 5*h**2 - 53*h - 536. What is r(-7)?
-67
Let y(w) = 2*w**3 - 701*w**2 - 6801*w - 14066. Determine y(360).
-26
Let o(u) = u**3 - 3*u**2 - 99*u - 47. Calculate o(-9).
-128
Let q(a) = -3224*a**2 + 32189*a + 521. Calculate q(10).
11
Let f(g) = -g**2 + 673*g + 360809. What is f(-352)?
9
Let g(x) = -11*x**2 + 26*x - 120. Give g(3).
-141
Let l(k) = -482145*k + 1446495. Give l(3).
60
Let l(v) = v**2 + 19908*v + 198983. Give l(-10).
3
Let u(p) = 1186*p - 41541. Determine u(35).
-31
Let v(h) = 14342*h - 13911714. Give v(970).
26
Let x(z) = -3*z**2 - 63*z + 697. Determine x(-27).
211
Let r(h) = 2518*h + 760443. Calculate r(-302).
7
Let t(j) = 3*j**2 + 433*j + 2104. Determine t(-5).
14
Let v(m) = 76929*m - 9308412. Calculate v(121).
-3
Let m(f) = 162*f - 7868. Determine m(49).
70
Let w(s) = -s**2 - 9130*s + 376006. Determine w(41).
-5
Let s(n) = n**3 - 869*n**2 - 1076*n - 580045. What is s(871)?
41
Let d(m) = 2*m**3 + 12*m**2 - 139*m - 325. What is d(-11)?
-6
Let s(m) = -18*m**2 - 63*m + 49. Calculate s(1).
-32
Let v(j) = -20*j**2 + 701*j - 128. Calculate v(35).
-93
Let a(x) = 58690*x + 293304. Calculate a(-5).
-146
Let b(t) = -7*t**3 + 325*t**2 - 2031*t + 105. Determine b(39).
-12
Let r(t) = t**3 - 639*t**2 + 3797*t + 22. What is r(6)?
16
Let i(z) = -31*z**3 - 574*z**2 - 1186*z - 611. Calculate i(-1).
32
Let m(t) = 12030*t + 72223. Determine m(-6).
43
Let r(o) = -622*o + 19453. Determine r(31).
171
Let a(p) = p**3 - 87*p**2 + 88*p - 57. Calculate a(86).
115
Let r(d) = -86033*d - 1376704. Give r(-16).
-176
Let h(i) = -3*i**2 - 443*i - 1779. Determine h(-143).
223
Let s(f) = -3165*f**2 + 41140*f + 20. Give s(13).
-45
Let c(g) = 14*g**2 + 2564*g + 43991. Give c(-164).
39
Let q(i) = 9*i**3 + 310*i**2 - 503*i - 8. Determine q(-36).
-44
Let y(p) = -15*p**2 - 1434*p + 18300. Calculate y(-107).
3
Let x(f) = f**3 + 24*f**2 + 37*f + 742. Determine x(-24).
-146
Let r(u) = -2066*u - 32969. Determine r(-16).
87
Let m(v) = 141*v**3 + 25520*v**2 - 182*v - 181. What is m(-181)?
0
Let c(v) = -152*v**2 + 15650*v + 539. Calculate c(103).
-79
Let c(d) = -39809*d + 1194282. Determine c(30).
12
Let s(o) = -o**2 - 11581*o + 81125. What is s(7)?
9
Let u(g) = 74*g**2 + 16*g + 53. Give u(0).
53
Let f(u) = 4*u**3 + 108*u**2 + 294*u - 4. What is f(-3)?
-22
Let p(t) = -55433*t - 6596599. What is p(-119)?
-72
Let d(m) = 3*m**3 + 1894*m**2 + 716*m 